True
Is 33 a factor of 6270?
True
Is 2929 a multiple of 7?
False
Is 89991 a multiple of 101?
True
Is 1175 a multiple of 47?
True
Does 40 divide 1520?
True
Is 2100 a multiple of 21?
True
Is 303 a multiple of 11?
False
Does 108 divide 12096?
True
Is 3302 a multiple of 54?
False
Does 11 divide 1712?
False
Is 5467 a multiple of 3?
False
Is 44 a factor of 1540?
True
Is 548 a multiple of 22?
False
Is 2807 a multiple of 5?
False
Does 5 divide 767?
False
Is 1833 a multiple of 20?
False
Is 21 a factor of 8148?
True
Is 8 a factor of 1758?
False
Does 20 divide 677?
False
Is 39 a factor of 1649?
False
Is 21 a factor of 735?
True
Is 9 a factor of 5639?
False
Does 120 divide 14640?
True
Is 4529 a multiple of 10?
False
Is 30 a factor of 70150?
False
Does 147 divide 8874?
False
Does 8 divide 12083?
False
Is 193 a factor of 6848?
False
Is 5051 a multiple of 219?
False
Does 7 divide 9063?
False
Is 10223 a multiple of 19?
False
Is 383 a multiple of 6?
False
Is 54 a multiple of 5?
False
Is 372 a multiple of 124?
True
Is 33 a factor of 1155?
True
Does 19 divide 1311?
True
Is 78 a factor of 2964?
True
Does 53 divide 1069?
False
Is 4257 a multiple of 43?
True
Is 106 a factor of 6881?
False
Is 3 a factor of 945?
True
Is 2240 a multiple of 64?
True
Is 20 a factor of 1002?
False
Is 39 a factor of 2184?
True
Is 2 a factor of 6647?
False
Is 45 a factor of 2225?
False
Does 54 divide 25009?
False
Does 5 divide 2400?
True
Is 15 a factor of 12567?
False
Is 36 a factor of 2917?
False
Does 73 divide 15550?
False
Is 11 a factor of 8193?
False
Is 102 a factor of 3252?
False
Is 83 a factor of 27816?
False
Does 100 divide 9149?
False
Is 2236 a multiple of 13?
True
Is 35 a factor of 2030?
True
Is 30 a factor of 800?
False
Is 4 a factor of 1044?
True
Is 3802 a multiple of 193?
False
Is 845 a multiple of 32?
False
Does 21 divide 4677?
False
Is 2783 a multiple of 11?
True
Is 177 a multiple of 4?
False
Does 184 divide 16697?
False
Is 152 a factor of 4151?
False
Is 13070 a multiple of 25?
False
Is 14 a factor of 4791?
False
Does 135 divide 21260?
False
Is 4143 a multiple of 9?
False
Is 11 a factor of 209?
True
Is 1309 a multiple of 2?
False
Does 27 divide 110?
False
Does 105 divide 3465?
True
Is 4 a factor of 2652?
True
Is 8316 a multiple of 42?
True
Is 4 a factor of 733?
False
Is 5 a factor of 28500?
True
Is 10 a factor of 4535?
False
Is 14 a factor of 1217?
False
Does 45 divide 71300?
False
Is 137 a factor of 13152?
True
Does 38 divide 17411?
False
Is 522 a multiple of 8?
False
Is 3 a factor of 19233?
True
Does 42 divide 30945?
False
Is 48 a factor of 6960?
True
Does 12 divide 1668?
True
Does 12 divide 63?
False
Is 64 a multiple of 32?
True
Is 1293 a multiple of 24?
False
Does 17 divide 4165?
True
Is 1007 a multiple of 11?
False
Is 10416 a multiple of 217?
True
Is 2624 a multiple of 41?
True
Is 16 a factor of 5920?
True
Does 38 divide 722?
True
Does 8 divide 26440?
True
Is 65 a factor of 654?
False
Does 5 divide 42840?
True
Is 14 a factor of 4592?
True
Does 20 divide 420?
True
Is 18 a factor of 9341?
False
Does 120 divide 4320?
True
Is 4 a factor of 51461?
False
Is 3 a factor of 5381?
False
Does 43 divide 102939?
False
Does 257 divide 38293?
True
Is 259 a factor of 34188?
True
Is 28661 a multiple of 52?
False
Is 267 a factor of 40371?
False
Does 8 divide 488?
True
Is 692 a multiple of 58?
False
Does 16 divide 8847?
False
Does 12 divide 12299?
False
Does 33 divide 1892?
False
Is 3 a factor of 813?
True
Is 38 a factor of 264?
False
Is 14241 a multiple of 101?
True
Does 20 divide 1176?
False
Does 172 divide 16659?
False
Is 25 a factor of 1775?
True
Is 11 a factor of 56?
False
Is 76 a factor of 760?
True
Is 24 a factor of 895?
False
Does 377 divide 11552?
False
Is 50720 a multiple of 80?
True
Does 15 divide 70378?
False
Is 27 a factor of 15475?
False
Is 12 a factor of 15?
False
Is 363 a multiple of 33?
True
Is 696 a multiple of 4?
True
Is 14570 a multiple of 62?
True
Does 4 divide 148?
True
Does 16 divide 13648?
True
Is 3848 a multiple of 148?
True
Does 85 divide 1190?
True
Does 62 divide 3410?
True
Is 148 a factor of 38598?
False
Is 866 a multiple of 8?
False
Does 24 divide 28948?
False
Is 84 a factor of 18816?
True
Is 105 a factor of 2205?
True
Does 2 divide 5962?
True
Does 18 divide 841?
False
Is 5649 a multiple of 103?
False
Is 1856 a multiple of 16?
True
Is 55 a multiple of 37?
False
Does 5 divide 13695?
True
Is 780 a multiple of 5?
True
Is 319 a multiple of 11?
True
Does 16 divide 5984?
True
Is 48800 a multiple of 20?
True
Is 2 a factor of 2035?
False
Is 25 a factor of 2425?
True
Is 49 a factor of 8319?
False
Does 7 divide 7378?
True
Is 1708 a multiple of 13?
False
Is 80 a factor of 15466?
False
Is 8025 a multiple of 75?
True
Is 68 a factor of 22923?
False
Is 157 a factor of 7332?
False
Does 41 divide 40232?
False
Is 36889 a multiple of 14?
False
Is 998 a multiple of 9?
False
Does 67 divide 24120?
True
Is 12 a factor of 31020?
True
Is 5 a multiple of 5?
True
Does 10 divide 30960?
True
Does 21 divide 9294?
False
Does 8 divide 632?
True
Is 8 a factor of 235?
False
Is 5906 a multiple of 22?
False
Is 6 a factor of 2381?
False
Does 31 divide 35793?
False
Is 3960 a multiple of 9?
True
Is 10488 a multiple of 12?
True
Is 12 a factor of 540?
True
Is 1977 a multiple of 78?
False
Is 305 a multiple of 60?
False
Is 3 a factor of 61?
False
Does 24 divide 336?
True
Is 54 a factor of 1138?
False
Does 7 divide 321?
False
Is 4 a factor of 24?
True
Is 31510 a multiple of 115?
True
Does 282 divide 10520?
False
Is 2 a factor of 1376?
True
Is 38 a factor of 9500?
True
Does 18 divide 13158?
True
Does 13 divide 32872?
False
Is 52 a factor of 6292?
True
Is 76 a multiple of 6?
False
Does 129 divide 16395?
False
Is 3013 a multiple of 26?
False
Is 60 a factor of 31470?
False
Is 5 a factor of 82?
False
Does 21 divide 7308?
True
Is 26 a factor of 2442?
False
Is 9 a factor of 1143?
True
Is 137 a multiple of 13?
False
Does 38 divide 43344?
False
Is 21 a factor of 4235?
False
Is 9 a factor of 3195?
True
Is 53 a factor of 3191?
False
Is 13 a factor of 8302?
False
Does 11 divide 4821?
False
Is 3606 a multiple of 84?
False
Is 90 a factor of 2340?
True
Is 379 a multiple of 76?
False
Is 31 a factor of 1560?
False
Does 19 divide 1318?
False
Is 58024 a multiple of 8?
True
Is 7 a factor of 1391?
False
Does 45 divide 45?
True
Is 96 a factor of 49487?
False
Does 114 divide 3748?
False
Does 11 divide 1342?
True
Is 4928 a multiple of 4?
True
Is 32 a factor of 918?
False
Is 24 a factor of 5365?
False
Is 11 a factor of 484?
True
Is 612 a multiple of 34?
True
Does 168 divide 34135?
False
Is 14 a factor of 4914?
True
Does 64 divide 64574?
False
Does 8 divide 8752?
True
Does 220 divide 8999?
False
Does 18 divide 14529?
False
Does 15 divide 37725?
True
Is 7 a factor of 75?
False
Is 13272 a multiple of 11?
False
Is 12 a factor of 5328?
True
Is 7 a factor of 65794?
False
Is 1617 a multiple of 12?
False
Does 38 divide 13371?
False
Is 89232 a multiple of 169?
True
Does 14 divide 5250?
True
Is 22 a factor of 694?
False
Does 2 divide 25?
False
Is 80 a multiple of 10?
True
Is 20 a factor of 8467?
False
Is 20 a factor of 13060?
True
Is 25 a factor of 1813?
False
Is 3 a factor of 5?
False
Is 30 a factor of 1325?
False
Does 10 divide 310?
True
Is 9516 a multiple of 39?
True
Is 15 a factor of 3676?
False
Is 62 a factor of 1364?
True
Does 92 divide 61824?
True
Is 5 a factor of 2390?
True
Is 272 even?
True
Is 99 a factor of 12672?
True
Does 9 divide 239?
False
Is 57 a factor of 10306?
False
Is 209 a factor of 51942?
False
Is 67 a factor of 2146?
False
Is 82 a factor of 8282?
True
Is 174 a multiple of 2?
True
Is 119 a factor of 1791?
False
Is 3 a factor of 4614?
True
Is 264 a multiple of 41?
False
Is 41178 a multiple of 14?
False
Does 9 divide 327?
False
Is 5137 a multiple of 59?
False
Is 51 a factor of 1887?
True
Is 162 a factor of 15108?
False
Does 30 divide 48000?
True
Is 19 a factor of 3743?
True
Is 90 a factor of 8967?
False
Does 9 divide 810?
True
Is 34 a factor of 619?
False
Does 127 divide 635?
True
Does 14 divide 5712?
True
Is 13 a factor of 77952?
False
Is 38 a factor of 8550?
True
Does 140 divide 4060?
True
Is 37 a factor of 9879?
True
Is 45075 a multiple of 105?
False
Is 66 a factor of 2442?
True
Is 2193 even?
False
Is 79786 a mu